{"id":113,"date":"2015-08-24T13:41:03","date_gmt":"2015-08-24T11:41:03","guid":{"rendered":"http:\/\/svk78.de\/?page_id=113"},"modified":"2026-02-02T16:46:58","modified_gmt":"2026-02-02T15:46:58","slug":"zumba-2","status":"publish","type":"page","link":"http:\/\/svk78.de\/?page_id=113","title":{"rendered":"Zumba"},"content":{"rendered":"<h6>dienstags 19:00 Uhr bis 20:00 Uhr<\/h6>\n<p>&nbsp;<\/p>\n<p>Hallo Tanzbegeisterte,<\/p>\n<p>ich bin Zhanna Kinno und Zumbatrainerin.<\/p>\n<p>Ich freue mich sehr, mit Euch \u00a0immer dienstags ab 19:00 Uhr in der Moorhalle trainieren zu d\u00fcrfen.<\/p>\n<p>F\u00fcr alle, die Spa\u00df am Tanzen haben und die Bewegung lieben.<\/p>\n<p>Ich freue mich auf Euch<\/p>\n<p><b>Eure <\/b><b>Zhanna<\/b> <b>Kinno<a href=\"https:\/\/i0.wp.com\/svk78.de\/wp-content\/uploads\/2026\/02\/Bild2.jpg\"><img data-recalc-dims=\"1\" loading=\"lazy\" decoding=\"async\" data-attachment-id=\"1815\" data-permalink=\"http:\/\/svk78.de\/?attachment_id=1815\" data-orig-file=\"https:\/\/i0.wp.com\/svk78.de\/wp-content\/uploads\/2026\/02\/Bild2.jpg?fit=372%2C449\" data-orig-size=\"372,449\" data-comments-opened=\"0\" data-image-meta=\"{&quot;aperture&quot;:&quot;0&quot;,&quot;credit&quot;:&quot;&quot;,&quot;camera&quot;:&quot;&quot;,&quot;caption&quot;:&quot;&quot;,&quot;created_timestamp&quot;:&quot;0&quot;,&quot;copyright&quot;:&quot;&quot;,&quot;focal_length&quot;:&quot;0&quot;,&quot;iso&quot;:&quot;0&quot;,&quot;shutter_speed&quot;:&quot;0&quot;,&quot;title&quot;:&quot;&quot;,&quot;orientation&quot;:&quot;0&quot;}\" data-image-title=\"Bild2\" data-image-description=\"\" data-image-caption=\"\" data-large-file=\"https:\/\/i0.wp.com\/svk78.de\/wp-content\/uploads\/2026\/02\/Bild2.jpg?fit=372%2C449\" class=\"aligncenter wp-image-1815\" src=\"https:\/\/i0.wp.com\/svk78.de\/wp-content\/uploads\/2026\/02\/Bild2.jpg?resize=304%2C367\" alt=\"\" width=\"304\" height=\"367\" srcset=\"https:\/\/i0.wp.com\/svk78.de\/wp-content\/uploads\/2026\/02\/Bild2.jpg?w=372 372w, https:\/\/i0.wp.com\/svk78.de\/wp-content\/uploads\/2026\/02\/Bild2.jpg?resize=249%2C300 249w\" sizes=\"auto, (max-width: 304px) 100vw, 304px\" \/><\/a><\/b><\/p>\n<p>&nbsp;<\/p>\n<p>&nbsp;<\/p>\n<p>&nbsp;<\/p>\n<p>&nbsp;<\/p>\n<p>&nbsp;<\/p>\n<p>&nbsp;<\/p>\n<p style=\"text-align: left;\">\n","protected":false},"excerpt":{"rendered":"<p>dienstags 19:00 Uhr bis 20:00 Uhr &nbsp; Hallo Tanzbegeisterte, ich bin Zhanna Kinno und Zumbatrainerin. Ich freue mich sehr, mit Euch \u00a0immer dienstags ab 19:00 Uhr in der Moorhalle trainieren zu d\u00fcrfen. F\u00fcr alle, die Spa\u00df am Tanzen haben und die Bewegung lieben. Ich freue mich auf Euch Eure Zhanna Kinno &nbsp; &nbsp; &nbsp; &nbsp; &hellip; <a href=\"http:\/\/svk78.de\/?page_id=113\" class=\"more-link\"><span class=\"screen-reader-text\">Zumba<\/span> weiterlesen <span class=\"meta-nav\">&rarr;<\/span><\/a><\/p>\n","protected":false},"author":2,"featured_media":0,"parent":23,"menu_order":7,"comment_status":"open","ping_status":"closed","template":"","meta":{"footnotes":""},"class_list":["post-113","page","type-page","status-publish","hentry"],"jetpack_sharing_enabled":true,"jetpack_shortlink":"https:\/\/wp.me\/P8FIXd-1P","jetpack-related-posts":[],"_links":{"self":[{"href":"http:\/\/svk78.de\/index.php?rest_route=\/wp\/v2\/pages\/113","targetHints":{"allow":["GET"]}}],"collection":[{"href":"http:\/\/svk78.de\/index.php?rest_route=\/wp\/v2\/pages"}],"about":[{"href":"http:\/\/svk78.de\/index.php?rest_route=\/wp\/v2\/types\/page"}],"author":[{"embeddable":true,"href":"http:\/\/svk78.de\/index.php?rest_route=\/wp\/v2\/users\/2"}],"replies":[{"embeddable":true,"href":"http:\/\/svk78.de\/index.php?rest_route=%2Fwp%2Fv2%2Fcomments&post=113"}],"version-history":[{"count":39,"href":"http:\/\/svk78.de\/index.php?rest_route=\/wp\/v2\/pages\/113\/revisions"}],"predecessor-version":[{"id":1816,"href":"http:\/\/svk78.de\/index.php?rest_route=\/wp\/v2\/pages\/113\/revisions\/1816"}],"up":[{"embeddable":true,"href":"http:\/\/svk78.de\/index.php?rest_route=\/wp\/v2\/pages\/23"}],"wp:attachment":[{"href":"http:\/\/svk78.de\/index.php?rest_route=%2Fwp%2Fv2%2Fmedia&parent=113"}],"curies":[{"name":"wp","href":"https:\/\/api.w.org\/{rel}","templated":true}]}}